9) to base 3.
-20
Convert -91 (base 10) to base 16.
-5b
-1102 (base 3) to base 15
-28
-2 (base 15) to base 5
-2
Convert 27 (base 10) to base 4.
123
-66 (base 10) to base 11
-60
Convert 4 (base 6) to base 9.
4
What is -7 (base 9) in base 13?
-7
-39 (base 10) to base 7
-54
Convert -31 (base 6) to base 15.
-14
What is 22 (base 7) in base 6?
24
What is -45 (base 7) in base 5?
-113
Convert 1 (base 6) to base 16.
1
-32 (base 4) to base 5
-24
4c (base 15) to base 6
200
What is -3 (base 5) in base 7?
-3
What is -5 (base 10) in base 3?
-12
What is 110011 (base 2) in base 4?
303
Convert 3 (base 9) to base 12.
3
0 (base 4) to base 13
0
What is 11 (base 2) in base 14?
3
32 (base 11) to base 9
38
6 (base 7) to base 10
6
What is 2 (base 9) in base 7?
2
Convert 2 (base 13) to base 3.
2
What is 1 (base 12) in base 9?
1
189 (base 10) to base 12
139
5 (base 7) to base 6
5
3 (base 14) to base 8
3
Convert -15 (base 11) to base 4.
-100
Convert -10010 (base 3) to base 6.
-220
Convert 5 (base 10) to base 5.
10
What is 0 (base 9) in base 8?
0
-7 (base 13) to base 5
-12
What is -7 (base 16) in base 2?
-111
What is ff (base 16) in base 7?
513
Convert 1 (base 9) to base 13.
1
Convert -13 (base 15) to base 2.
-10010
What is 110 (base 3) in base 10?
12
11011 (base 3) to base 15
77
What is 5 (base 6) in base 12?
5
What is -8 (base 10) in base 7?
-11
Convert 254 (base 7) to base 2.
10001001
0 (base 7) to base 8
0
What is 2 (base 14) in base 6?
2
Convert 4 (base 14) to base 9.
4
-11011100 (base 2) to base 11
-190
Convert 5 (base 10) to base 14.
5
Convert -82 (base 12) to base 6.
-242
Convert -41 (base 11) to base 13.
-36
What is 8 (base 16) in base 3?
22
-5 (base 7) to base 15
-5
Convert 211 (base 4) to base 12.
31
What is 6 (base 8) in base 2?
110
Convert 3 (base 8) to base 3.
10
1 (base 3) to base 7
1
What is -40 (base 8) in base 4?
-200
11 (base 9) to base 7
13
Convert -8 (base 9) to base 8.
-10
What is 5 (base 9) in base 10?
5
0 (base 6) to base 10
0
0 (base 12) to base 2
0
Convert 4 (base 15) to base 3.
11
4 (base 10) to base 11
4
-10 (base 3) to base 14
-3
Convert 0 (base 2) to base 3.
0
What is -4 (base 15) in base 5?
-4
What is b1 (base 12) in base 6?
341
Convert 11 (base 13) to base 15.
e
Convert 1 (base 3) to base 15.
1
-d5 (base 14) to base 6
-511
Convert b (base 15) to base 14.
b
Convert -2d (base 14) to base 9.
-45
What is -31 (base 11) in base 7?
-46
What is 0 (base 11) in base 5?
0
12 (base 10) to base 2
1100
-3 (base 8) to base 4
-3
6 (base 9) to base 2
110
What is 181 (base 9) in base 7?
310
What is 60 (base 8) in base 3?
1210
Convert 62 (base 13) to base 9.
88
-2 (base 11) to base 7
-2
Convert 2 (base 4) to base 5.
2
Convert -5 (base 16) to base 7.
-5
What is -1010 (base 5) in base 15?
-8a
24 (base 7) to base 13
15
What is 95 (base 16) in base 5?
1044
What is -5 (base 16) in base 8?
-5
Convert -20 (base 9) to base 11.
-17
Convert -1 (base 12) to base 9.
-1
1 (base 2) to base 5
1
What is 5 (base 10) in base 3?
12
Convert 18 (base 12) to base 7.
26
-86 (base 13) to base 3
-11002
What is 2 (base 7) in base 10?
2
-2112 (base 3) to base 15
-48
Convert -12 (base 8) to base 14.
-a
What is 10 (base 2) in base 8?
2
Convert -1 (base 16) to base 12.
-1
Convert -111100 (base 2) to base 13.
-48
6 (base 12) to base 5
11
Convert 11121 (base 3) to base 4.
1330
Convert 1a2 (base 12) to base 14.
150
What is 11001 (base 2) in base 4?
121
-152 (base 7) to base 4
-1112
What is 10 (base 3) in base 7?
3
Convert 2 (base 14) to base 2.
10
What is -11002 (base 3) in base 13?
-86
What is 36 (base 9) in base 7?
45
What is 0 (base 7) in base 2?
0
-224 (base 8) to base 3
-12111
122 (base 6) to base 3
1212
Convert 40 (base 12) to base 2.
110000
-1 (base 2) to base 13
-1
What is 6 (base 11) in base 13?
6
What is -1 (base 16) in base 9?
-1
Convert -21 (base 6) to base 9.
-14
2 (base 10) to base 3
2
What is 3 (base 11) in base 10?
3
72 (base 13) to base 12
79
Convert 0 (base 5) to base 8.
0
Convert -e (base 16) to base 5.
-24
0 (base 5) to base 3
0
What is -4 (base 10) in base 6?
-4
Convert 5 (base 7) to base 11.
5
-9 (base 16) to base 15
-9
Convert -12 (base 15) to base 8.
-21
Convert -34 (base 9) to base 14.
-23
-a2 (base 14) to base 13
-ac
What is -12 (base 13) in base 8?
-17
201 (base 8) to base 12
a9
1020 (base 5) to base 7
252
Convert -e8 (base 15) to base 6.
-1002
335 (base 7) to base 6
445
What is 3 (base 14) in base 3?
10
Convert -1 (base 9) to base 4.
-1
What is -10102 (base 3) in base 16?
-5c
Convert -41 (base 13) to base 12.
-45
Convert 2 (base 8) to base 2.
10
What is 1 (base 2) in base 14?
1
-32 (base 4) to base 7
-20
Convert 0 (base 14) to base 5.
0
Convert 2 (base 3) to base 12.
2
Convert -23 (base 7) to base 14.
-13
What is -7 (base 12) in base 14?
-7
What is -414 (base 5) in base 3?
-11001
What is -42 (base 13) in base 12?
-46
Convert 23 (base 8) to base 5.
34
-19 (base 13) to base 16
-16
What is -101 (base 4) in base 16?
-11
-13 (base 8) to base 12
-b
Convert 4 (base 15) to base 12.
4
Convert 30 (base 9) to base 12.
23
16 (base 13) to base 2
10011
Convert -1 (base 8) to base 13.
-1
29 (base 12) to base 10
33
What is 1 (base 9) in base 14?
1
3 (base 13) to base 3
10
Convert 2002 (base 3) to base 15.
3b
What is -122 (base 11) in base 15?
-9a
What is -11 (base 9) in base 6?
-14
What is 17 (base 10) in base 11?
16
Convert 1022 (base 4) to base 9.
82
What is 1111 (base 5) in base 16?
9c
1000110 (base 2) to base 16
46
Convert 1b (base 12) to base 11.
21
What is 110 (base 2) in base 5?
11
101 (base 2) to base 3
12
What is -b (base 12) in base 7?
-14
Convert -2 (base 9) to base 13.
-2
41 (base 12) to base 2
110001
Convert -21 (base 4) to base 10.
-9
-5 (base 6) to base 12
-5
Convert -10 (base 5) to base 16.
-5
Convert 201 (base 5) to base 15.
36
Convert 3 (base 6) to base 13.
3
1022 (base 4) to base 10
74
What is 23 (base 7) in base 3?
122
Convert -244 (base 6) to base 11.
-91
Convert 12 (base 9) to base 6.
15
-94 (base 13) to base 7
-232
-10110 (base 2) to base 10
-22
What is 23 (base 4) in base 10?
11
12 (base 7) to base 6
13
101010 (base 2) to base 13
33
Convert -19 (base 13) to base 12.
-1a
Convert -407 (base 9) to base 8.
-513
-7 (base 16) to base 13
-7
Convert 5 (base 6) to base 3.
12
Convert 150 (base 7) to base 10.
84
-146 (base 15) to base 4
-10203
186 (base 9) to base 15
a9
Convert -7 (base 9) to base 7.
-10
Convert 5 (base 6) to base 3.
12
Convert 4 (base 8) to base 6.
4
Convert 3 (base 11) to base 8.
3
What is 202 (base 6) in base 7?
134
What is 163 (base 9) in base 14?
9c
What is 21 (base 15) in base 12?
27
Convert -b (base 15) to base 2.
-1011
1 (base 6) to base 8
1
1 (base 13) to base 11
1
What is 11 (base 4) in base 7?
5
What is -89 (base 15) in base 5?
-1004
Convert -2 (base 4) to base 7.
-2
-6 (base 14) to base 12
-6
What is 223 (base 4) in base 14?
31
Convert -9 (base 14) to base 8.
-11
Convert -7d (base 15) to base 5.
-433
Convert -43 (base 10) to base 5.
-133
What is 0 (base 12) in base 2?
0
2 (base 3) to base 9
2
1e (base 15) to base 8
35
Convert 6 (base 14) to base 11.
6
Convert -224 (base 5) to base 7.
-121
Convert -58 (base 14) to base 13.
-60
Convert -111 (base 3) to base 14.
-d
Convert 54 (base 14) to base 7.
134
Convert 66 (base 10) to base 7.
123
Convert -2 (base 5) to base 8.
-2
What is 0 (base 8) in base 9?
0
Convert -3 (base 5) to base 4.
-3
Convert -106 (base 8) to base 11.
-64
Convert -5 (base 9) to base 11.
-5
-5 (base 16) to base 2
-101
What is e (base 16) in base 11?
13
Convert b (base 16) to base 12.
b
Convert 15 (base 7) to base 15.
c
Convert 58 (base 12) to base 10.
68
-3 (base 15) to base 6
-3
6 (base 7) to base 10
6
What is -11 (base 2) in base 10?
-3
What is -30 (base 6) in base 5?
-33
13 (base 14) to base 7
23
Convert -1 (base 6) to base 14.
-1
What is 36 (base 14) in base 16?
30
Convert 15 (base 6) to base 4.
23
-1 (base 12) to base 2
-1
What is 6 (base 13) in base 9?
6
What is -11 (base 8) in base 9?
-10
Convert -110 (base 3) to base 7.
-15
Convert -25 (base 15) to base 5.
-120
Convert -10010111 (base 2) to base 16.
-97
Convert -103 (base 5) to base 4.
-130
What is -222 (base 3) in base 7?
-35
Convert 1120 (base 3) to base 13.
33
Convert 5 (base 10) to base 3.
12
Convert 4 (base 8) to base 9.
4
What is 3 (base 12) in base 3?
10
W